me factors of l.
7, 17
Let g(w) be the first derivative of -w**4/4 - 3*w**3 - w**2 + 9*w + 163. Suppose 0 = -2*t + t - 9. List the prime factors of g(t).
3
Let z be 4/2 + 0/3. Suppose 4*s + 0*h - 5*h = 164, z*h = -8. What are the prime factors of s?
2, 3
Let o(z) = -79*z + 59. What are the prime factors of o(-4)?
3, 5
Suppose -5 = -y - 2*p, -p = 5*y - 0*p - 25. Suppose y*i + 0*i = 230. What are the prime factors of i?
2, 23
Let o = -2508 + 3725. What are the prime factors of o?
1217
Let l = -5196 + 8693. List the prime factors of l.
13, 269
Let m(k) = -k - 13. Let d(w) = -2*w - 13. Let j(y) = -2*d(y) + 3*m(y). Let o be j(15). What are the prime factors of 33 + (2 - 4) + o?
3, 11
Let m be ((-181)/2)/((-4)/8). Suppose -5*d + 2*d + m = -5*j, d + 2*j = 64. What are the prime factors of d?
2, 31
Let f be 1*(1 - 3/3). Let n(m) = 30 - m + 29 - 16 + 5. List the prime factors of n(f).
2, 3
Let u(f) = 69*f - 68. What are the prime factors of u(10)?
2, 311
Suppose 3*b + 222 = 4*b. Let o = 376 - b. Suppose 4*g = 2*q + o, 0*q = -2*g + 4*q + 74. List the prime factors of g.
3, 13
Let h = -67 + 42. Let q = h - -46. What are the prime factors of q?
3, 7
Suppose a - 9 = -3*w, -10 + 25 = 5*a. Suppose -5*k - 157 - 67 = -3*u, u = k + 76. Suppose b = -w*b + u. List the prime factors of b.
2, 13
Suppose c = 2*c + 5, 13 = -2*j - 3*c. Suppose 0 = -l + 2 + j. Suppose -4*v - 2*n = -l*v - 5, 3*v - 55 = 2*n. List the prime factors of v.
3, 5
Let y(p) = 2*p - 12. Let f be y(7). Suppose -n - 4*k - 3 = 3, -f*n - 2*k = -12. List the prime factors of n.
2, 5
Suppose -t = -14*t + 780. What are the prime factors of t?
2, 3, 5
Let k = 36 + -26. Let f = -15 + k. What are the prime factors of (-134)/f*5/2?
67
Suppose -19*j = -21*j + 22. Let p = j + -41. Let f = p + 66. List the prime factors of f.
2, 3
Let z = 73 - -912. List the prime factors of z.
5, 197
Suppose 27*f = 46*f - 3192. What are the prime factors of f?
2, 3, 7
Suppose 2*p - c + 4*c = -45, -4*p = -2*c + 130. Let z = p + 1. Let m = z - -48. List the prime factors of m.
19
Let s(l) be the third derivative of -173*l**6/120 + l**5/30 + l**4/12 + l**3/6 + 33*l**2. What are the prime factors of s(-1)?
2, 3, 29
Suppose 5*t + 4 = 24. Suppose 8 = -4*x + 3*x - 4*p, -p + t = x. What are the prime factors of x?
2
Suppose q + 88 = -h, -2*q + 5*h - 97 - 65 = 0. Let l be (-147 - -1) + (-1)/1. Let m = q - l. What are the prime factors of m?
61
Let m(y) = y + 1. Let a be m(2). Suppose a = n + 2. Suppose -p = 4*w - n, 4*p - w = 11 + 61. What are the prime factors of p?
17
List the prime factors of -2 - 30*-36 - (-2 + -3).
3, 19
Let m(y) = -y**2 + 2*y + 6. Let f be (-7)/35 - 57/15. Let i be m(f). What are the prime factors of (20/7)/(i/(-63))?
2, 5
Let z = -419 - -413. Let a(r) = 2*r + 4. Let d be a(4). Let o = z + d. List the prime factors of o.
2, 3
Suppose 5*i + 5 = -0*i, -2*i = n + 36. Let p = 53 + n. Suppose -3*l = p - 91. List the prime factors of l.
2, 3
Let x(f) = -72*f - 24. List the prime factors of x(-8).
2, 3, 23
Suppose 186*p - 188*p = -288. List the prime factors of p.
2, 3
Suppose 4*c - 13822 + 4058 = -2*a, 0 = -4*a + 4*c + 19564. List the prime factors of a.
2, 13, 47
What are the prime factors of (6 + (-56)/10)*670?
2, 67
Let c = 681 + -330. List the prime factors of c.
3, 13
Let g(c) = -121*c - 7. Let b be g(-7). Suppose -b = -2*h - 6*h. What are the prime factors of h?
3, 5, 7
Let z(p) = 4*p**3 - p**2 - 18*p - 1. What are the prime factors of z(5)?
2, 3
Let b(f) = -f**3 - 5*f**2 + 17*f + 13. List the prime factors of b(-10).
7
Suppose 2*q - 52 = -5*o, -3*o + 5*o - 5*q - 44 = 0. Let r(p) = o*p**2 - 18*p**2 + 3*p + 8*p**2. List the prime factors of r(4).
2, 11
Suppose -60336 = 25*l - 41*l. List the prime factors of l.
3, 419
Suppose -6*y + 9 = -3*y. Suppose 2*q - y*q = -101. What are the prime factors of q?
101
Let q(h) = -3*h**2 + 2*h + 3. Let v be q(-2). List the prime factors of 390/v*(-24)/10.
2, 3
Let l(o) = -2*o - 14. Let p(c) = -1. Let h(d) = l(d) - 5*p(d). List the prime factors of h(-12).
3, 5
Let p(o) = 7*o - 2. Let g be p(1). Suppose g*n - 12 = n. Suppose -4*q - 2*y + 31 = -35, -n = -y. What are the prime factors of q?
3, 5
Let m be ((-4)/3)/(12/(-54)). Suppose -m*u + 1192 = 2*u. What are the prime factors of u?
149
Let v = -363 - -649. What are the prime factors of v?
2, 11, 13
Let i = -4 - -10. Suppose 5*p = i - 1. Suppose -27 = -2*x - p. List the prime factors of x.
13
Suppose -s = -3*y - 765, -8*s - y = -4*s - 3021. What are the prime factors of s?
2, 3, 7
Let z be 1/(5/4 - 1). Let k be ((-6)/(-5))/(z/10). Suppose -2*p + 10 = k*p. What are the prime factors of p?
2
Suppose 0 = 4*o - 5 - 3. Let p(w) = -w**3 + 2*w**2 + w + 1. Let i be p(o). Suppose -i*u - 67 = -a, 5*u = 5*a - 360 + 45. What are the prime factors of a?
61
List the prime factors of ((-300)/40)/((-1)/116).
2, 3, 5, 29
Let s be 40/15*(0 + 15). Suppose 4*x - 10 = -26, 5*t - 5*x = s. Suppose 6*f = t*f + 30. What are the prime factors of f?
3, 5
What are the prime factors of (-4)/(-5)*(3380 + 75)?
2, 691
Let l = -9 - -9. What are the prime factors of (-7 + -13)/(-1 - l)?
2, 5
Let s(z) = 4*z**2 + 1. Let b(i) = -2*i - 19. Let t be b(-11). What are the prime factors of s(t)?
37
Suppose 0 = 5*j - 2*f - 16214, -3*j = -f - 14623 + 4895. List the prime factors of j.
2, 1621
Suppose 4*k - 188 = -4*z, -z + 3*k - k = -32. List the prime factors of (-6)/z - 190/(-7).
3
Suppose 3*k + 6*h = 3*h + 174, 5*h = -4*k + 236. Suppose -i - i = -k. What are the prime factors of i?
3
Let n be (-245 + -1)*1*(-5)/15. Suppose -4*r - y = -n, -6*r = -r + 3*y - 99. List the prime factors of r.
3, 7
What are the prime factors of (-12)/(-84) - (-3372)/14?
241
Let b = 5 + -1. Suppose 3*s = 19 - b. Suppose -5*c + 190 = s*a, -27 - 29 = -2*a + 3*c. List the prime factors of a.
2, 17
Suppose 0*t = 2*t - 5*k - 419, 1125 = 5*t + 3*k. Let f = -106 + t. List the prime factors of f.
2, 29
Suppose -5*a + g = -3*a - 1013, -1537 = -3*a - 2*g. What are the prime factors of a?
509
Let g = 189 + -183. Let h(l) = -2*l - l + 1 + 5*l. What are the prime factors of h(g)?
13
Suppose o = -3*o - 2*c, 4*o = c. Suppose o = -5*i - 5*p + 35, 0 = 3*i + p + 4*p - 31. Suppose 11 = -i*d + 3*d. List the prime factors of d.
11
Suppose -4*r + 6 + 30 = 5*d, r + 3*d = 9. Let o(h) = -h**3 + 7*h**2 + 20*h - 13. What are the prime factors of o(r)?
5
Suppose -3*j - 4 = 2*a, 4*j - 25 = -j + 3*a. Suppose j*u = -4*c + 10, 17 = -u + 2*u + 5*c. What are the prime factors of (-4)/u*(-9)/(-6)?
2
Let p(q) = q**3 + 7*q**2 - 9*q - 8. Let c be p(-8). Suppose c = -2*r - r. Suppose l + z - 24 = 0, -l + r*z + 2*z = -36. List the prime factors of l.
2, 7
Let l(m) = -m + 1. Let v be l(-7). Suppose v*i - 3*i = 450. List the prime factors of i.
2, 3, 5
Let i(d) = -19*d**3 + d**2 + 3*d + 3. What are the prime factors of i(-3)?
2, 3, 43
Let s(k) = -k - 3. Let x(l) = 4*l + 9. Let v(p) = 11*s(p) + 4*x(p). Let t(b) = -9*b - 6. Let h(i) = -6*t(i) - 11*v(i). List the prime factors of h(-9).
2, 3
Suppose k + 3*l - 1 = 0, 5*l + 1 = -3*k - 0*k. Let j = 61 - k. Let c = -36 + j. What are the prime factors of c?
3
Suppose 0 = -50*v + 52*v. Suppose 5*x = 4*y + 50, v*x - 5*y = x + 19. What are the prime factors of x?
2, 3
Let g(f) = -876*f - 19. List the prime factors of g(-2).
1733
Let w be (6/(-8))/((-1)/4). Let l(v) = 4*v**2 + 5*v + 3. Let p(m) = 7*m**2 + 8*m + 4. Let d(o) = -5*l(o) + 3*p(o). What are the prime factors of d(w)?
3
Suppose 0 = -n + 4*n - 3*h - 2646, n = 3*h + 888. List the prime factors of n.
3, 293
Suppose -3*w + 4*w = 2*k - 7, -5*k - 2*w = -22. Suppose 3*a + 3*g = -a + 6, -a - k*g + 8 = 0. Let i(y) = y**3 - y + 3. List the prime factors of i(a).
3
Let d be 9 + -6 - (0 - 0). Suppose -5*b - d*j = -18, -3*b + 19 = 2*b + 4*j. Suppose 0 = -b*v + 35 + 55. What are the prime factors of v?
2, 3, 5
Suppose -3*z + 28 = -4*o, -6*z = -3*z + 2*o - 4. What are the prime factors of (-1047)/(-12) - (-3)/z?
2, 11
Let o = -2 + 3. Suppose -4*u - o = 5*f + 10, -4 = u. Let s = 6 + f. What are the prime factors of s?
7
Suppose 0 = 5*x - 0*x + 130. Let l = 65 + x. Let c = -19 + l. List the prime factors of c.
2, 5
Suppose f = -2*t + 5108, 4 = -0*f - f. Suppose 5*v = -20, -3*v = -3*p - 6*v + t. What are the prime factors of (-6)/(-10) + p/40?
2, 11